ivided by 651?
20
Calculate the remainder when 3879832 is divided by 67.
63
What is the remainder when 117396 is divided by 23458?
106
Calculate the remainder when 985968 is divided by 296.
288
What is the remainder when 13907716 is divided by 818100?
16
What is the remainder when 12810015 is divided by 1756?
1751
What is the remainder when 3034381 is divided by 144?
13
What is the remainder when 2457566 is divided by 2?
0
Calculate the remainder when 127045 is divided by 1763.
109
Calculate the remainder when 40573 is divided by 11792.
5197
What is the remainder when 359293 is divided by 71?
33
What is the remainder when 615285 is divided by 3409?
1665
Calculate the remainder when 284423659 is divided by 118.
117
What is the remainder when 278236 is divided by 20?
16
Calculate the remainder when 345150 is divided by 42555.
4710
What is the remainder when 128451880 is divided by 27?
1
What is the remainder when 1350425 is divided by 60?
5
What is the remainder when 35846967 is divided by 15005?
22
What is the remainder when 12490117 is divided by 40?
37
Calculate the remainder when 45957570 is divided by 741.
9
What is the remainder when 1001412 is divided by 52686?
378
Calculate the remainder when 15523 is divided by 3603.
1111
Calculate the remainder when 47451 is divided by 1245.
141
What is the remainder when 337027121 is divided by 47249?
4
What is the remainder when 15010648 is divided by 754?
16
What is the remainder when 259480 is divided by 647?
33
Calculate the remainder when 281433546 is divided by 459.
450
Calculate the remainder when 48025199 is divided by 186.
185
Calculate the remainder when 321181 is divided by 1333.
1261
What is the remainder when 599553 is divided by 16653?
45
What is the remainder when 225221 is divided by 9347?
893
What is the remainder when 3288827 is divided by 206?
37
Calculate the remainder when 23206 is divided by 23184.
22
What is the remainder when 4897544 is divided by 8532?
176
Calculate the remainder when 34789830 is divided by 2899150.
30
Calculate the remainder when 5100152 is divided by 21.
8
Calculate the remainder when 79253673 is divided by 499.
497
What is the remainder when 186844227 is divided by 730?
727
What is the remainder when 11854842 is divided by 4148?
4006
What is the remainder when 4784387 is divided by 17272?
43
Calculate the remainder when 687797 is divided by 6428.
1
Calculate the remainder when 1507136 is divided by 6028.
136
What is the remainder when 918098 is divided by 59?
58
Calculate the remainder when 11616 is divided by 2879.
100
What is the remainder when 14854923 is divided by 11?
6
What is the remainder when 75896287 is divided by 86?
83
What is the remainder when 109919 is divided by 14380?
9259
Calculate the remainder when 49423687 is divided by 83065.
12
What is the remainder when 30003961 is divided by 4282?
4269
Calculate the remainder when 2946161 is divided by 560.
1
Calculate the remainder when 59431565 is divided by 122.
119
Calculate the remainder when 14563230 is divided by 3640800.
30
Calculate the remainder when 192176 is divided by 77.
61
What is the remainder when 137455134 is divided by 9?
6
What is the remainder when 19077099 is divided by 19976?
19
Calculate the remainder when 1556045 is divided by 773.
769
Calculate the remainder when 64100698 is divided by 11.
2
What is the remainder when 68644 is divided by 363?
37
What is the remainder when 5367260 is divided by 392?
388
What is the remainder when 3570686 is divided by 170029?
77
What is the remainder when 10160992 is divided by 3387?
3379
What is the remainder when 79183 is divided by 1586?
1469
What is the remainder when 7260774 is divided by 268915?
69
Calculate the remainder when 241659 is divided by 3661.
33
Calculate the remainder when 183152 is divided by 36388.
1212
Calculate the remainder when 475669 is divided by 243.
118
Calculate the remainder when 304190 is divided by 2397.
2168
Calculate the remainder when 25157435 is divided by 222631.
132
Calculate the remainder when 445538010 is divided by 1426.
1422
What is the remainder when 10730 is divided by 9698?
1032
What is the remainder when 2628349 is divided by 394?
369
Calculate the remainder when 764390 is divided by 16985.
65
What is the remainder when 421118 is divided by 30045?
488
What is the remainder when 221189 is divided by 1876?
1697
Calculate the remainder when 829657329 is divided by 745.
744
Calculate the remainder when 66630 is divided by 66579.
51
What is the remainder when 55563 is divided by 27704?
155
What is the remainder when 49310 is divided by 16225?
635
Calculate the remainder when 66228283 is divided by 189.
37
What is the remainder when 155449 is divided by 11946?
151
What is the remainder when 68288 is divided by 391?
254
What is the remainder when 211508 is divided by 2568?
932
What is the remainder when 17674 is divided by 2095?
914
What is the remainder when 30837951 is divided by 94886?
1
Calculate the remainder when 197448 is divided by 391.
384
What is the remainder when 5676935 is divided by 11?
0
Calculate the remainder when 8848375 is divided by 1657.
1652
Calculate the remainder when 88775 is divided by 9847.
152
Calculate the remainder when 2682893 is divided by 1341441.
11
What is the remainder when 2455769 is divided by 52250?
19
Calculate the remainder when 163388 is divided by 6865.
5493
Calculate the remainder when 521923 is divided by 2320.
2243
Calculate the remainder when 1368918 is divided by 381.
366
What is the remainder when 992271014 is divided by 29?
25
What is the remainder when 533886 is divided by 16276?
13054
Calculate the remainder when 59518088 is divided by 348.
344
Calculate the remainder when 8634423 is divided by 3116.
3103
What is the remainder when 9684860 is divided by 997?
2
What is the remainder when 154329 is divided by 50786?
1971
Calculate the remainder when 165662 is divided by 168.
14
Calculate the remainder when 5284274 is divided by 931.
849
Calculate the remainder when 26718260 is divided by 149.
27
What is the remainder when 66028 is divided by 4855?
2913
What is the remainder when 35731 is divided by 17303?
1125
Calculate the remainder when 932427 is divided by 2428.
75
What is the remainder when 44396995 is divided by 646?
645
Calculate the remainder when 146985 is divided by 28780.
3085
What is the remainder when 128780 is divided by 4288?
140
What is the remainder when 75462 is divided by 314?
102
Calculate the remainder when 1806005 is divided by 120373.
410
What is the remainder when 4099462 is divided by 186?
22
What is the remainder when 27402 is divided by 110?
12
What is the remainder when 212910045 is divided by 78?
75
What is the remainder when 5662079 is divided by 1887352?
23
What is the remainder when 32682696 is divided by 483?
18
What is the remainder when 161283 is divided by 1897?
38
Calculate the remainder when 1553991 is divided by 62.
23
Calculate the remainder when 20210039 is divided by 2020.
1959
What is the remainder when 6272690 is divided by 522718?
74
What is the remainder when 158253 is divided by 73234?
11785
What is the remainder when 181308 is divided by 16453?
325
Calculate the remainder when 310314 is divided by 3227.
522
Calculate the remainder when 2560231 is divided by 14383.
57
Calculate the remainder when 12206239 is divided by 55.
34
What is the remainder when 2197046 is divided by 1881?
38
Calculate the remainder when 467184 is divided by 116181.
2460
Calculate the remainder when 82977344 is divided by 3195.
3194
What is the remainder when 1466137 is divided by 40726?
1
What is the remainder when 61238 is divided by 290?
48
Calculate the remainder when 19618 is divided by 4160.
2978
What is the remainder when 6753884 is divided by 66869?
115
Calculate the remainder when 11869587 is divided by 3956525.
12
What is the remainder when 5227617 is divided by 14?
3
Calculate the remainder when 151929 is divided by 50521.
366
Calculate the remainder when 64303355 is divided by 252170.
5
Calculate the remainder when 16376265 is divided by 275.
15
What is the remainder when 522972 is divided by 1358?
142
Calculate the remainder when 121224739 is divided by 14.
13
Calculate the remainder when 291875 is divided by 5540.
37